6
Suppose -3*u + 33 = -156. Suppose -4 = 3*f + 5*b, f = 4*b - 2 + 29. What is the highest common divisor of f and u?
7
Let y be 6/(-15) + 2976/15. What is the highest common divisor of 18 and y?
18
Let q = -5 - -13. Suppose 2*v - 38 = -q. Suppose -3*u = -4*s + 3*s - 27, -3*u - 3*s = -v. What is the greatest common divisor of 24 and u?
8
Suppose -4*d = 4*m - 8*d - 4, 5*m = 3*d + 9. What is the greatest common divisor of 15 and m?
3
Let s(d) = d**3 + 9*d**2 - d - 6. Let z be s(-9). Suppose 2*h - 53 = 5*n, 124 = 2*h + z*h - 4*n. What is the greatest common divisor of h and 36?
12
Let z be ((-140)/(-7))/((-2)/(-1)). Calculate the highest common factor of z and 10.
10
Let s = -2 - -3. Let y be (-1)/4 - (-222)/24. Calculate the highest common factor of y and s.
1
Suppose -18 = 4*h + 26. Let q = 15 + h. What is the greatest common divisor of q and 44?
4
Let d = 8 + -3. Suppose 10 + d = 3*g. Suppose h - g = 5. What is the greatest common factor of h and 90?
10
Let m be 2/12 + (-92)/(-24). Suppose -m*j + 1 = -59. Calculate the highest common factor of j and 165.
15
Let j be 3*1*(-7)/(-1). Let l(t) = -28*t. Let h = 1 - 7. Let f be l(h). Calculate the greatest common divisor of f and j.
21
Let f(j) = 5*j**2 + 14*j + 5. Let t(d) = -6*d**2 - 15*d - 5. Let z(n) = -5*f(n) - 4*t(n). Let k be z(-5). What is the highest common divisor of 10 and k?
10
Let z = 28 + -17. Let n = -124 - -179. Calculate the greatest common factor of n and z.
11
Let c(j) = -j**2 + 8*j - 3. Let y be c(8). Let u be (27/(-18))/(y/56). Calculate the highest common factor of 4 and u.
4
Suppose -4*p = -m + 1, 2 = -4*p + 4*m - 2. Suppose p = -2*x - 2*x + 84. Let a = 33 - x. What is the highest common divisor of a and 6?
6
Suppose -5*k + g = -7, -3*k - 3*g - 2 = -17. Suppose -k*u + 127 = -3*o + 37, 4*o - 8 = 0. Calculate the greatest common divisor of u and 12.
12
Let x = 92 - 56. What is the greatest common divisor of x and 18?
18
Let m = 0 + 1. Suppose -j + 5*n + 22 = 0, n - 2 = 2*j - 5*j. Suppose 3*l = -j*l + 55. Calculate the greatest common factor of l and m.
1
Let a be 1 - ((-6)/1 + 1). Let z = a + 8. Calculate the highest common factor of 2 and z.
2
Suppose p - 7 = 3*y, 2 = -2*p + 4*y + 10. Let l = 58 + p. What is the highest common factor of 14 and l?
14
Let l = 11 - -49. Let h = -21 - -45. Calculate the highest common divisor of l and h.
12
Let b = 6 + -3. Suppose -b*l + l = -70. Calculate the greatest common factor of 7 and l.
7
Let s = 191 - 95. Let q be (-91 - -8) + 0 + -1. Let p be (-1032)/q + 2/(-7). What is the greatest common divisor of s and p?
12
Suppose -3*i + 4*c + 0*c = -72, -i + 34 = 2*c. What is the highest common divisor of 140 and i?
28
Let h be 72/(-54) + 74/6. What is the highest common factor of 55 and h?
11
Let x be -15 + 23 - (-4)/2. Calculate the greatest common divisor of 4 and x.
2
Suppose 8 + 7 = -5*y. Let w be (18/4)/(y/(-6)). Let j = 23 - w. What is the greatest common factor of j and 112?
14
Suppose 24 = -s - s. Let h be 63/(s/(-16) + 0). Calculate the highest common divisor of 12 and h.
12
Suppose 0 = 4*v - 12, -3*v - 17 = 3*l + 58. Let h be (78/(-10))/(1/(-5)). Let q = l + h. What is the highest common divisor of q and 33?
11
Suppose -u = -4, -2*f + 26 = -u + 5*u. Calculate the greatest common divisor of 10 and f.
5
Let n(j) = 91*j**2 + j - 2. Let y be n(1). Calculate the greatest common divisor of 36 and y.
18
Let l(k) = 3*k**2 - 12*k - 12. Let h be l(6). What is the highest common divisor of 72 and h?
24
Suppose 2*m - 4*y = 20, -5*m - 15 = 5*y + 10. Suppose 0 = -m*x + x - 12. Let z = -23 - -35. Calculate the greatest common factor of z and x.
12
Suppose -24 = -2*j - 8. Suppose 0 = -2*l - 0*l + 18. Let h be 6/l - (-524)/6. Calculate the highest common divisor of h and j.
8
Let r = 24 - 20. Let s = 19 + -7. Suppose r*z - 2*z = s. Calculate the greatest common divisor of 42 and z.
6
Let q be 1/2*1*8. Let v be (-36)/7*-1*56. Suppose -q*s + v = -s. What is the greatest common divisor of s and 12?
12
Let x = 97 - 51. Suppose -j + 4 = -4*m - 0, m = 4*j - x. What is the highest common factor of 12 and j?
12
Let p = -2 - 0. Let f be -1*(p + 83)/3. Let u = f + 39. What is the greatest common factor of u and 12?
12
Let i(w) = 11*w**2 - w - 4. Let q be i(-2). Let m be 276/14 + 12/q. Calculate the highest common divisor of m and 5.
5
Suppose -l - 5*h = -3, -5*h = -0*h. Suppose -2*u - 4 = -l*u. Suppose -2*t = -4, -u*o + 4*t - 4 = -84. Calculate the highest common divisor of 2 and o.
2
Suppose w = 17 + 3. Calculate the greatest common factor of w and 140.
20
Let p = 0 - -9. What is the greatest common factor of p and 18?
9
Let u(j) = 4*j**2 + 2*j - 6. Let t be u(-5). What is the highest common factor of t and 12?
12
Suppose 5*a = -0*a + 5*j + 275, 0 = -3*a + 5*j + 161. What is the highest common factor of a and 38?
19
Let w(i) = i**2 - 2*i - 6. Let k be w(6). Calculate the highest common factor of k and 6.
6
Suppose -s - 2*s = -60. Let p be 996/5 + (-2)/10 + 1. Calculate the greatest common divisor of s and p.
20
Let v(f) = -f**3 + 6*f**2 + f - 2. Let r be v(6). Let l = 37 + -9. What is the highest common factor of r and l?
4
Suppose 471 = 4*u - 117. What is the greatest common factor of 21 and u?
21
Suppose 134 + 592 = 2*j. Calculate the greatest common factor of j and 33.
33
Let n = 30 - 10. Suppose 4*v - 37 = 3. Calculate the highest common factor of n and v.
10
Let h(y) = y**3 - 9*y**2 + 9*y - 4. Let k be h(8). What is the greatest common divisor of k and 20?
4
Suppose 2*y - 10 = 0, 0*y - 1698 = -4*p + 2*y. Suppose -2*c - h + p = 0, 4*c = h + 3*h + 884. Calculate the greatest common divisor of 24 and c.
24
Let z(g) = g**2 + 5*g - 9. Let s be z(-7). Let u = 23 - s. Let i = 503 - 341. What is the greatest common divisor of u and i?
18
Let l(i) = -i**2 + 25*i - 17. Let c be l(24). What is the highest common factor of c and 56?
7
Let g be 43 - 4/(-1) - 2. Suppose 3*s - 18 = 2*s. What is the greatest common factor of g and s?
9
Let a = -18 + 30. Let f be ((-1)/1)/((-5)/(-10)). Let p be f + 3*(-110)/(-3). What is the highest common divisor of p and a?
12
Let k(i) = 2*i**2 - 12*i - 10. Let c be k(7). Calculate the highest common divisor of c and 36.
4
Suppose -5*z - 3*r = 21, 4*z + r = -r - 16. Let n = -1 - z. Let m be (0 - (1 - n))*9. What is the highest common factor of m and 72?
9
Let z = -40 + 82. What is the highest common divisor of 63 and z?
21
Suppose -5*v = -3*j - 526 + 102, 286 = -2*j + 4*v. Let c = -77 - j. Calculate the highest common factor of 7 and c.
7
Suppose 4*c + 30 = j, -2*j - j = 4*c - 42. Suppose 13 = -j*d + 19*d. What is the greatest common factor of 91 and d?
13
Suppose 3*v + 5*m - 101 = 19, 3*v - m - 120 = 0. Suppose -v = -0*l - 2*l. What is the greatest common factor of l and 4?
4
Suppose -2*q = 3*w - 227, -2*q = -3*w - q + 233. Suppose -r + 6 + 5 = 0. Calculate the highest common divisor of w and r.
11
Let i(a) = a - 4. Let t be i(7). Suppose -2*v = t + 3. Let g be v*6*2/(-2). What is the greatest common factor of g and 2?
2
Let u be ((-9)/18)/(2/(-240) + 0). What is the highest common factor of u and 10?
10
Let a be 1*15 - (4 - 3). Suppose 4*f - 32 = -3*k, k + a = 2*k + 3*f. What is the greatest common divisor of 16 and k?
8
Let c(o) = -o**3 + 5*o**2 + 2*o - 3. Let l be c(5). Let j be 4/(-14) - (-478)/l. Let m be j + (1 - -1 - 0). Calculate the highest common divisor of m and 10.
10
Let a(l) = l**3 - 2*l + 2. Let s be a(2). Let q be 4/(-6) - 92/s. Let c = q + 30. What is the highest common divisor of 70 and c?
14
Suppose 20 = -5*s, r + 1 - 17 = -4*s. What is the greatest common divisor of r and 2?
2
Let x = 12 - 10. Let q be ((-6)/(-3))/((-1)/(-4)). What is the highest common factor of q and x?
2
Let x be 3*3/18*108. Suppose 0*p - 6 = -p. What is the greatest common divisor of p and x?
6
Let f be 0 + (-2)/(-6)*3. Let u be f + 6/(-9)*-3. Suppose 2*y = -v + 37, 3*v = -2*y + u + 40. What is the highest common factor of y and 51?
17
Let g(c) = -c**2 + 9*c - 5. Let a be g(8). What is the highest common divisor of a and 6?
3
Let z be 0 + (4 - 2) - -6. Let y = -6 + z. What is the greatest common divisor of 18 and y?
2
Let m(h) = -2*h**3 - 1 + 0 - 2 - 2*h - h**2. Let o = -9 - -5. Let u be m(o). What is the highest common factor of 13 and u?
13
S